 l be (644/115)/((-2)/(-35)). Calculate the highest common divisor of l and h.
14
Let b be (-1)/2 - (-45)/10. Let w(y) = -3*y**2 + 4*y + 0 - 1 + b*y**2. Let p be w(-5). What is the greatest common factor of 32 and p?
4
Suppose -p + 13 = 5*l - 4*p, 0 = 4*l - p - 9. Suppose -l*x + 1 - 7 = 0. Let t be x/(-5) + 141/15. What is the greatest common factor of t and 10?
10
Let h(n) = -2*n + 6. Let l be h(-4). Suppose l = -5*q + 64. Suppose 8 = 2*s - q. What is the greatest common factor of s and 54?
9
Suppose 5*b = 2*o - 4*o + 46, 4*b - 47 = -5*o. Let m = 9 - b. Suppose -3*y + y = -8. What is the highest common factor of m and y?
1
Let k be -1 - (29/1)/(-1). Suppose z + k = 78. Let g be 1038/14 + 6/7. What is the highest common divisor of g and z?
25
Suppose -2*k = -5 - 5. Suppose 3 = 3*m, -485 = -3*g - 10*m + k*m. Suppose 4*p = -0*p + w + 82, -3*w = 4*p - 74. What is the highest common divisor of p and g?
20
Let p(x) = -4*x - 106. Let d be p(-27). Calculate the highest common factor of d and 7.
1
Let w = -2375 + 3852. What is the highest common factor of w and 7?
7
Let s(h) = 15*h**2 - 6*h + 3. Let i be s(2). Let j = -36 + i. Calculate the highest common divisor of j and 5.
5
Let h be (0 + (-1 - -5) - 9) + 434. Calculate the greatest common factor of 39 and h.
39
Suppose 0 = k + 213 - 706. Calculate the highest common factor of k and 29.
29
Let d be (23/3 - 9)*(-12 + 0). Calculate the highest common divisor of d and 184.
8
Let j be (7/(196/(-21)))/((-6)/16). Let b(g) = -g + 3*g + 3 + 2*g - 5*g. Let q be b(2). Calculate the highest common factor of j and q.
1
Suppose -3*y + 300 = 7*y. What is the highest common factor of 110 and y?
10
Let a = 155 + -65. Calculate the highest common divisor of 36 and a.
18
Let u(z) = z**2 - 17*z + 8. Let w be u(17). Suppose 5 = 2*l - 5*d, -5*d - 43 = -4*l - w. Calculate the highest common divisor of 75 and l.
15
Let n = -1240 + 1359. Calculate the greatest common divisor of n and 7.
7
Let a be ((-75)/(-12))/((-6)/(-24)). Let u = 46 - a. Calculate the greatest common factor of 7 and u.
7
Let q be 17/2 + (-4 - 110/(-20)). What is the greatest common divisor of q and 25?
5
Let u(b) = -2*b**3 - 5*b**2 + 2*b + 4. Let m be u(-3). What is the greatest common divisor of 7 and m?
7
Let k(v) be the third derivative of v**4/8 + v**2. Let z(j) = -j. Let w(b) = -5*k(b) - 21*z(b). Let m be w(4). What is the greatest common factor of m and 60?
12
Suppose 9*y = 20*y - 275. What is the greatest common divisor of 475 and y?
25
Let o = 801 - 733. Calculate the greatest common divisor of o and 51.
17
Suppose -627 = -3*s - 0*s. Let h(r) = 33*r - 123. Let q be h(8). Suppose 11*k = 68 + q. What is the greatest common divisor of k and s?
19
Let p be (-9 - -2)/(-9 + 234/27). Calculate the highest common factor of 7 and p.
7
Suppose -26*i - 24*i + 6200 = 0. What is the highest common divisor of i and 713?
31
Let w(c) = 3*c**2 + 4*c + 3. Let z be w(-3). Calculate the greatest common divisor of z and 198.
18
Suppose -209 = -4*l + 391. Calculate the greatest common divisor of 200 and l.
50
Let d = 5 + 0. Suppose h + 3*h = o + 25, 1 = h + d*o. Let m = h + -2. Calculate the greatest common divisor of 40 and m.
4
Suppose 3*n - 5*i - 41 - 3 = 0, -4*n + 55 = -3*i. What is the greatest common divisor of 611 and n?
13
Let p = -75 + 90. Calculate the greatest common divisor of 165 and p.
15
Suppose -4*h + 2*x = -32, -x + 0*x = -5*h + 43. Suppose 4*s - 2*d - 353 = 3*d, 0 = -3*d + h. What is the greatest common divisor of 23 and s?
23
Suppose 2*s = 2*o - 2*s - 2, 2*o = s + 17. Let k = -8 + o. Let v be 156/(-5)*(-10)/k. What is the highest common factor of 13 and v?
13
Let z(p) = -p**2 - 16*p - 4. Let u be z(-8). Suppose -2*m + 3*m - u = 0. What is the highest common factor of m and 20?
20
Let i(r) = 2*r - 21. Let p(n) = 4*n - 41. Let t(z) = -13*i(z) + 6*p(z). Let d be t(13). Calculate the greatest common factor of 1 and d.
1
Let a = 455 - 447. Calculate the highest common factor of a and 164.
4
Let y = -1 - -218. Suppose -5*i + 4*i = 5*u - 21, 6 = -3*u. What is the highest common divisor of i and y?
31
Suppose 0 = -26*r - 25*r + 10404. What is the highest common divisor of 357 and r?
51
Let z(k) = -k - 25. Let d be z(0). Suppose -7*u - 190 = 139. Let x = d - u. What is the greatest common divisor of 176 and x?
22
Let f = -93 - -93. Suppose -15*p + 8*p + 91 = f. What is the greatest common factor of p and 247?
13
Suppose -7 = y - 3*k - 5, -4*y + 12 = -2*k. What is the greatest common divisor of 4 and y?
4
Let c(q) = -3*q**2 + 16*q + 1. Let j be c(5). Let x = -7 - -11. What is the greatest common divisor of j and x?
2
Let r(t) = t**2 - 7*t - t**3 + 10 + 6*t**2 - 2*t**2 + 3*t**2. Let x be r(7). What is the greatest common factor of 10 and x?
10
Suppose -5*n + 262 = -38. Calculate the highest common factor of 45 and n.
15
Suppose -29*q = -30*q + 860. What is the highest common factor of 20 and q?
20
Suppose 8*j - 5*j - 15 = 0. Suppose -4*f - 32 = -2*z, 2*z - j*f = 3*z - 2. Let c = 366 - 363. Calculate the highest common divisor of z and c.
3
Let x(t) = -5 - 17 - 63*t + 67*t. Let f be x(13). What is the highest common factor of 40 and f?
10
Suppose -740 = 4*s + s. Let b = -253 - s. Let t = 237 + b. What is the highest common divisor of t and 12?
12
Suppose 2*m - p = 41, -6 = 4*p - 26. Calculate the highest common divisor of m and 2001.
23
Let m(i) = 2*i**2 + 9*i - 6. Suppose 4*x - 21 + 7 = -q, -2*x + 10 = 0. Let s be m(q). What is the highest common divisor of s and 30?
6
Let p(s) = 9*s**3 - s**2 + 2*s - 1. Let q be p(1). Suppose 7*o = q*o + 48. Let l be (-2 - 10)/(9/o). Calculate the greatest common divisor of l and 256.
32
Let z = 27 + -22. Let s(p) = 9*p - 10. Let h be s(z). Suppose 0 = 3*w - 13 - h. What is the greatest common factor of w and 144?
16
Let u be (-16 - -9) + 2 + 53. What is the highest common divisor of 12 and u?
12
Let k(u) = u - 1. Let c be k(-6). Let a(j) = 2*j**2 + 8*j + 6. Let n be a(c). Let t = 891 + -771. What is the greatest common factor of n and t?
24
Let y be (-9)/(-12)*1/((-1)/36). Let t = y + 45. Calculate the highest common factor of t and 144.
18
Let s(a) = 5*a - 7*a**2 - 3 - a + 1 + 23*a**2. Let l be s(1). What is the highest common divisor of 144 and l?
18
Suppose 4*l - l + q = 1135, -1 = -q. Calculate the highest common divisor of 14 and l.
14
Suppose 2*s = -5*m - 16 - 46, 3*s - m = -93. Let c = 43 + s. What is the highest common divisor of c and 4?
4
Let p(v) = -2*v**3 + v**2 - 4*v. Suppose g + 10 = -4*g. Let f be -1 + (-3 - g)*3. Let l be p(f). What is the greatest common factor of 20 and l?
20
Suppose -4*k + 3*f = -1 + 8, 0 = -2*k + 4*f - 16. Suppose -3*s = k*s - 25. Suppose s*g = g + 32. What is the greatest common divisor of 72 and g?
8
Let b = -9 + 4. Let y be (4 + 1)*3/b. Let f = 2 - y. What is the highest common factor of f and 55?
5
Let z be ((4305/20)/7)/(1/4). What is the greatest common divisor of z and 328?
41
Let c be ((-48)/(-56))/(10/42)*10. Calculate the highest common factor of 180 and c.
36
Let r = 8 - -8. Suppose 3*c = -32*d + 30*d + 169, 86 = d + 2*c. What is the greatest common factor of r and d?
16
Suppose -22*b - 40 = -26*b. Suppose -4*h + b = -6*h, 4*h - 29 = -y. Calculate the highest common divisor of y and 98.
49
Let x(z) = -51*z + 305. Let r be x(5). What is the greatest common factor of r and 950?
50
Let k(h) = h - 1. Let a(d) = 7*d - 5. Let j be (-3)/24*-4*2. Let w(q) = j*a(q) - 6*k(q). Let g be w(4). What is the highest common divisor of 35 and g?
5
Suppose -7*z + z = -48. Let l be ((-1)/2)/((-4)/z). Calculate the greatest common divisor of l and 4.
1
Let c = -584 - -601. What is the highest common factor of c and 221?
17
Suppose 0 = -182*s + 73*s + 872. Suppose -z - 4 = -24. What is the highest common divisor of s and z?
4
Let s be -5 + 1239/7 + 3. Calculate the greatest common factor of s and 75.
25
Suppose -2*g + 8 = -5*r, 4 + 4 = 2*g + 5*r. Let v be ((-9)/(-3) - -24)/(6/g). Calculate the greatest common divisor of v and 198.
18
Suppose 0 = i - 2*t - 114, 2*t - 214 = -2*i - t. Let z be 84/2 + 2 + 0. Calculate the highest common divisor of z and i.
22
Suppose -5*g = 5*v - 110, -4*v - g = -6*g - 79. Suppose f + 224 = 9*f. Let w be 12/f + 1/(28/4692). Calculate the greatest common factor of 